alculate the greatest common factor of 695 and 1112.
139
Calculate the greatest common divisor of 250 and 1025.
25
What is the highest common factor of 99 and 11121?
33
Calculate the greatest common divisor of 15 and 87.
3
What is the greatest common factor of 45 and 60?
15
What is the highest common divisor of 16 and 680?
8
What is the greatest common divisor of 2106 and 52?
26
Calculate the highest common divisor of 381 and 3.
3
What is the highest common factor of 114 and 190?
38
What is the greatest common divisor of 148 and 11359?
37
What is the highest common factor of 272 and 1496?
136
Calculate the greatest common divisor of 105 and 210.
105
What is the greatest common factor of 63 and 567?
63
What is the greatest common divisor of 24 and 231?
3
Calculate the highest common factor of 1176 and 5376.
168
What is the highest common factor of 1917 and 781?
71
What is the greatest common divisor of 28 and 63?
7
What is the greatest common divisor of 22 and 14?
2
What is the highest common divisor of 375 and 123?
3
What is the highest common divisor of 13 and 104?
13
Calculate the greatest common divisor of 253 and 598.
23
Calculate the greatest common factor of 103 and 1.
1
Calculate the greatest common factor of 55 and 105.
5
What is the highest common factor of 190 and 50?
10
Calculate the greatest common divisor of 112 and 2800.
112
Calculate the greatest common divisor of 80 and 580.
20
What is the highest common factor of 9 and 9081?
9
What is the highest common factor of 3740 and 2720?
340
What is the greatest common divisor of 350 and 210?
70
Calculate the greatest common divisor of 96 and 332.
4
What is the greatest common factor of 51 and 69?
3
What is the greatest common divisor of 1341 and 18?
9
What is the highest common divisor of 465 and 30?
15
What is the greatest common factor of 4922 and 1070?
214
Calculate the highest common divisor of 748 and 66.
22
Calculate the highest common factor of 192 and 728.
8
Calculate the highest common factor of 153 and 24.
3
What is the highest common factor of 1232 and 350?
14
What is the highest common divisor of 2110 and 290?
10
What is the highest common factor of 15038 and 721?
103
Calculate the highest common factor of 3977 and 164.
41
Calculate the greatest common divisor of 856 and 8.
8
Calculate the highest common divisor of 8683 and 19.
19
Calculate the highest common divisor of 171 and 684.
171
What is the highest common divisor of 1 and 4?
1
Calculate the greatest common divisor of 13560 and 72.
24
Calculate the greatest common factor of 2232 and 3.
3
Calculate the greatest common divisor of 17 and 1377.
17
What is the highest common divisor of 16688 and 16?
16
Calculate the highest common divisor of 18 and 11646.
18
What is the greatest common divisor of 2101 and 11?
11
Calculate the highest common divisor of 27 and 1.
1
Calculate the greatest common factor of 175 and 18725.
175
Calculate the highest common divisor of 870 and 60.
30
What is the highest common divisor of 192 and 636?
12
What is the greatest common factor of 1536 and 288?
96
Calculate the highest common factor of 242 and 297.
11
Calculate the highest common factor of 665 and 190.
95
Calculate the highest common factor of 162 and 106.
2
What is the highest common factor of 15 and 395?
5
Calculate the greatest common factor of 725 and 25.
25
Calculate the highest common factor of 97 and 30167.
97
Calculate the greatest common factor of 133 and 26467.
133
Calculate the greatest common divisor of 15 and 21135.
15
What is the highest common divisor of 595 and 105?
35
What is the highest common factor of 403 and 961?
31
What is the highest common factor of 4 and 132?
4
What is the greatest common divisor of 31 and 217?
31
Calculate the greatest common factor of 259 and 28.
7
Calculate the highest common factor of 522 and 203.
29
Calculate the highest common divisor of 36 and 5049.
9
Calculate the highest common factor of 76 and 6764.
76
Calculate the highest common divisor of 135 and 18405.
45
What is the highest common divisor of 3293 and 89?
89
Calculate the highest common divisor of 110 and 15796.
22
Calculate the greatest common divisor of 96 and 1344.
96
Calculate the highest common factor of 14 and 238.
14
What is the greatest common divisor of 95 and 575?
5
What is the highest common factor of 11 and 1111?
11
Calculate the highest common factor of 189 and 1827.
63
What is the highest common factor of 58 and 261?
29
What is the greatest common factor of 52 and 1469?
13
Calculate the highest common factor of 78 and 6.
6
Calculate the highest common factor of 5096 and 312.
104
What is the highest common divisor of 469 and 335?
67
What is the greatest common divisor of 68 and 16?
4
What is the highest common factor of 972 and 4032?
36
Calculate the greatest common factor of 174 and 3103.
29
Calculate the greatest common factor of 3842 and 226.
226
Calculate the highest common divisor of 39 and 39741.
39
Calculate the highest common factor of 8 and 248.
8
Calculate the greatest common factor of 5831 and 147.
49
Calculate the highest common factor of 1336 and 8.
8
Calculate the highest common divisor of 88 and 220.
44
What is the greatest common factor of 9 and 333?
9
What is the highest common divisor of 96 and 1?
1
Calculate the highest common factor of 40 and 4450.
10
Calculate the greatest common divisor of 9 and 13437.
9
What is the highest common divisor of 874 and 115?
23
Calculate the highest common factor of 432 and 63.
9
What is the highest common divisor of 36 and 297?
9
What is the greatest common divisor of 2095 and 45?
5
Calculate the highest common divisor of 7348 and 44.
44
What is the highest common divisor of 6536 and 152?
152
Calculate the highest common divisor of 170 and 90.
10
What is the highest common divisor of 636 and 12?
12
What is the highest common divisor of 50 and 950?
50
Calculate the greatest common divisor of 1883 and 14.
7
What is the highest common factor of 57 and 38?
19
What is the highest common factor of 194 and 97?
97
Calculate the greatest common divisor of 375 and 30.
15
Calculate the highest common divisor of 17 and 2057.
17
Calculate the highest common divisor of 45 and 10.
5
Calculate the highest common divisor of 18 and 150.
6
Calculate the greatest common factor of 72 and 5976.
72
Calculate the highest common factor of 15000 and 240.
120
Calculate the highest common divisor of 18908 and 232.
116
Calculate the greatest common factor of 18 and 40.
2
What is the greatest common factor of 12 and 4?
4
What is the highest common factor of 116 and 64?
4
Calculate the highest common divisor of 6 and 2094.
6
Calculate the highest common factor of 36 and 60.
12
What is the greatest common factor of 342 and 12?
6
What is the greatest common divisor of 1435 and 35?
35
What is the greatest common divisor of 627 and 66?
33
Calculate the greatest common factor of 20972 and 84.
28
Calculate the highest common factor of 1683 and 255.
51
What is the highest common divisor of 70 and 10?
10
Calculate the greatest common divisor of 1813 and 111.
37
What is the greatest common divisor of 286 and 22?
22
What is the greatest common divisor of 22 and 10109?
11
What is the highest common divisor of 2 and 22?
2
What is the highest common divisor of 1363 and 47?
47
Calculate the highest common factor of 62 and 26.
2
What is the highest common divisor of 168 and 24?
24
Calculate the highest common factor of 684 and 36.
36
Calculate the greatest common factor of 12 and 3264.
12
Calculate the greatest common divisor of 3353 and 21.
7
Calculate the highest common factor of 57 and 5377.
19
What is the greatest common divisor of 182 and 52?
26
What is the highest common factor of 2688 and 308?
28
What is the greatest common factor of 96 and 246?
6
Calculate the greatest common divisor of 2850 and 50.
50
What is the greatest common factor of 1073 and 111?
37
Calculate the greatest common divisor of 112 and 392.
56
What is the highest common divisor of 6300 and 90?
90
What is the highest common factor of 46 and 2?
2
Calculate the greatest common divisor of 20 and 740.
20
Calculate the greatest common factor of 84 and 105.
21
Calculate the greatest common divisor of 256 and 22336.
64
What is the greatest